 17, 433
List the prime factors of 37369.
37369
List the prime factors of 10464044.
2, 17, 37, 4159
What are the prime factors of 858853?
137, 6269
What are the prime factors of 745474?
2, 29, 12853
What are the prime factors of 1888149?
3, 629383
List the prime factors of 2677875.
3, 5, 37, 193
List the prime factors of 799111.
139, 5749
What are the prime factors of 223106?
2, 13, 8581
What are the prime factors of 10879689?
3, 3626563
List the prime factors of 901748.
2, 17, 89, 149
List the prime factors of 5044405.
5, 19, 29, 1831
What are the prime factors of 2078662?
2, 29, 35839
What are the prime factors of 4145267?
7, 23, 25747
What are the prime factors of 21778660?
2, 5, 1088933
List the prime factors of 114595.
5, 13, 41, 43
What are the prime factors of 10800553?
47, 229799
List the prime factors of 349366.
2, 307, 569
List the prime factors of 318320.
2, 5, 23, 173
List the prime factors of 44967.
3, 13, 1153
What are the prime factors of 432024?
2, 3, 47, 383
What are the prime factors of 3043186?
2, 1521593
List the prime factors of 630508.
2, 157627
What are the prime factors of 27482439?
3, 823, 11131
List the prime factors of 345998.
2, 172999
List the prime factors of 300965.
5, 7, 8599
List the prime factors of 4469825.
5, 178793
List the prime factors of 159820.
2, 5, 61, 131
What are the prime factors of 196636?
2, 11, 41, 109
List the prime factors of 1588417.
29, 54773
List the prime factors of 121480.
2, 5, 3037
List the prime factors of 6575494.
2, 3287747
What are the prime factors of 207841?
19, 10939
What are the prime factors of 250224?
2, 3, 13, 401
What are the prime factors of 19288511?
11, 593, 2957
List the prime factors of 3635512.
2, 131, 3469
What are the prime factors of 247874?
2, 11, 19, 593
List the prime factors of 125220.
2, 3, 5, 2087
What are the prime factors of 11879608?
2, 13, 103, 1109
List the prime factors of 2331952.
2, 7, 47, 443
List the prime factors of 80094.
2, 3, 7, 1907
List the prime factors of 11027.
11027
List the prime factors of 46191.
3, 89, 173
What are the prime factors of 23469582?
2, 3, 547, 7151
What are the prime factors of 43621?
181, 241
List the prime factors of 90837.
3, 10093
List the prime factors of 2731491.
3, 7, 191, 227
List the prime factors of 5402791.
47, 139, 827
What are the prime factors of 10487358?
2, 3, 7, 83233
List the prime factors of 953512.
2, 7, 17027
List the prime factors of 2080803.
3, 693601
List the prime factors of 5210571.
3, 1061, 1637
What are the prime factors of 321456?
2, 3, 37, 181
What are the prime factors of 37467?
3, 23, 181
What are the prime factors of 750775?
5, 59, 509
List the prime factors of 1355162.
2, 37, 18313
List the prime factors of 1033955.
5, 13, 15907
List the prime factors of 2853900.
2, 3, 5, 7, 151
List the prime factors of 8841533.
211, 41903
What are the prime factors of 6318713?
17, 53, 7013
What are the prime factors of 986030?
2, 5, 151, 653
What are the prime factors of 467895?
3, 5, 31193
List the prime factors of 1096930.
2, 5, 43, 2551
What are the prime factors of 143731?
7, 20533
List the prime factors of 491416.
2, 19, 53, 61
What are the prime factors of 2039492?
2, 7, 13, 431
What are the prime factors of 4405259?
23, 191533
List the prime factors of 66675.
3, 5, 7, 127
What are the prime factors of 2876946?
2, 3, 53, 83, 109
What are the prime factors of 1018642?
2, 73, 6977
What are the prime factors of 14925882?
2, 3, 599, 4153
What are the prime factors of 5195386?
2, 7, 371099
List the prime factors of 4805522.
2, 2402761
What are the prime factors of 2819847?
3, 19, 61, 811
List the prime factors of 3164948.
2, 53, 14929
What are the prime factors of 2771027?
7, 503, 787
List the prime factors of 537629.
43, 12503
List the prime factors of 2523758.
2, 269, 4691
What are the prime factors of 490222?
2, 23, 10657
What are the prime factors of 3760126?
2, 349, 5387
What are the prime factors of 3215825?
5, 307, 419
List the prime factors of 17231533.
11, 389, 4027
What are the prime factors of 10413995?
5, 19, 109621
What are the prime factors of 548279?
349, 1571
What are the prime factors of 521157?
3, 7, 13, 23, 83
What are the prime factors of 2033447?
13, 156419
What are the prime factors of 209304?
2, 3, 17, 19
What are the prime factors of 675198?
2, 3, 37511
List the prime factors of 2119829.
2119829
What are the prime factors of 12038385?
3, 5, 31, 25889
What are the prime factors of 692335?
5, 7, 131, 151
What are the prime factors of 79189?
11, 23, 313
List the prime factors of 17265111.
3, 23, 59, 4241
What are the prime factors of 97769?
7, 13967
What are the prime factors of 68068?
2, 7, 11, 13, 17
List the prime factors of 578692.
2, 199, 727
List the prime factors of 1587420.
2, 3, 5, 8819
List the prime factors of 4551518.
2, 37, 61507
What are the prime factors of 36101185?
5, 7220237
List the prime factors of 1460043.
3, 13, 12479
List the prime factors of 12135228.
2, 3, 7, 73, 1979
What are the prime factors of 407486?
2, 73, 2791
What are the prime factors of 3362759?
109, 30851
List the prime factors of 695158.
2, 347579
What are the prime factors of 266592?
2, 3, 2777
List the prime factors of 835945.
5, 11, 15199
What are the prime factors of 29527694?
2, 7, 301303
What are the prime factors of 2095152?
2, 3, 43649
List the prime factors of 352488.
2, 3, 19, 773
What are the prime factors of 40172978?
2, 20086489
What are the prime factors of 6928555?
5, 967, 1433
What are the prime factors of 4808554?
2, 457, 5261
What are the prime factors of 214734?
2, 3, 13, 2753
List the prime factors of 7543118.
2, 11, 342869
List the prime factors of 10385107.
139, 74713
What are the prime factors of 2363783?
2363783
What are the prime factors of 257214?
2, 3, 163, 263
List the prime factors of 1022106.
2, 3, 170351
What are the prime factors of 10531088?
2, 37, 17789
What are the prime factors of 715882?
2, 19, 18839
List the prime factors of 741293.
7, 105899
List the prime factors of 1445758.
2, 797, 907
What are the prime factors of 7865408?
2, 59, 2083
What are the prime factors of 7746890?
2, 5, 601, 1289
What are the prime factors of 8159463?
3, 13, 69739
List the prime factors of 32685525.
3, 5, 16141
What are the prime factors of 980902?
2, 13, 31, 1217
List the prime factors of 1578378.
2, 3, 263063
List the prime factors of 3792545.
5, 659, 1151
What are the prime factors of 246851?
11, 22441
What are the prime factors of 1344678?
2, 3, 224113
What are the prime factors of 126308?
2, 7, 13, 347
List the prime factors of 26568721.
317, 83813
What are the prime factors of 201747?
3, 7, 13, 739
List the prime factors of 949104.
2, 3, 13
What are the prime factors of 12130550?
2, 5, 19, 113
What are the prime factors of 320145?
3, 5, 7, 3049
What are the prime factors of 323113?
7, 31, 1489
What are the prime factors of 19998617?
19998617
List the prime factors of 213139.
213139
What are the prime factors of 971946?
2, 3, 41, 439
List the prime factors of 211691.
211691
List the prime factors of 1783239.
3, 29, 103, 199
What are the prime factors of 249517?
249517
What are the prime factors of 1706191?
1706191
List the prime factors of 241055.
5, 37, 1303
What are the prime factors of 46313?
29, 1597
What are the prime factors of 1253449?
19, 37, 1783
What are the prime factors of 1254284?
2, 313571
List the prime factors of 3623572.
2, 79, 11467
What are the prime factors of 110634?
2, 3, 18439
List the prime factors of 2401817.
11, 97, 2251
List the prime factors of 477817.
103, 4639
List the prime factors of 4362002.
2, 859, 2539
List the prime factors of 8281748.
2, 23, 90019
What are the prime factors of 3878758?
2, 13, 149183
What are the prime factors of 86587?
86587
What are the prime factors of 9753877?
7, 479, 2909
What are the prime factors of 10569051?
3, 1174339
What are the prime factors of 641794?
2, 223, 1439
What are the prime factors of 6227373?
3, 29, 31, 2309
List the prime factors of 4216093.
7, 31, 19429
List the prime factors of 803275.
5, 11, 23, 127
What are the prime factors of 11193044?
2, 2798261
List the prime factors of 116674.
2, 58337
List the prime factors of 220573.
220573
What are the prime factors of 182612?
2, 71, 643
What are the 